{"id":1111,"date":"2020-09-21T21:32:28","date_gmt":"2020-09-22T00:32:28","guid":{"rendered":"https:\/\/iscontte-crr.infd.edu.ar\/sitio\/?page_id=1111"},"modified":"2021-10-27T09:57:35","modified_gmt":"2021-10-27T12:57:35","slug":"semana-virtual-de-las-artes","status":"publish","type":"page","link":"https:\/\/iscontte-crr.infd.edu.ar\/sitio\/semana-virtual-de-las-artes\/","title":{"rendered":"SEMANA DE LAS ARTES (ver sub-secciones)"},"content":{"rendered":"<p style=\"text-align: center;\"><img decoding=\"async\" loading=\"lazy\" class=\"alignnone size-full wp-image-1513\" src=\"https:\/\/iscontte-crr.infd.edu.ar\/sitio\/wp-content\/uploads\/2021\/10\/Diapositiva1.jpg\" alt=\"\" width=\"948\" height=\"940\" srcset=\"https:\/\/iscontte-crr.infd.edu.ar\/sitio\/wp-content\/uploads\/2021\/10\/Diapositiva1.jpg 948w, https:\/\/iscontte-crr.infd.edu.ar\/sitio\/wp-content\/uploads\/2021\/10\/Diapositiva1-768x762.jpg 768w\" sizes=\"(max-width: 948px) 100vw, 948px\" \/><\/p>\n<p style=\"text-align: center;\">El Instituto Superior Josefina Contte, comparte a trav\u00e9s de su BLOG, la SEMANA DE LAS ARTES 2021.<\/p>\n<p style=\"text-align: center;\">En las diferentes subsecciones, se encuentran los trabajos pr\u00e1cticos de los estudiantes que cursan las variadas propuestas formativas de nuestra instituci\u00f3n.<\/p>\n<div class=\"o9v6fnle cxmmr5t8 oygrvhab hcukyx3x c1et5uql ii04i59q\" style=\"text-align: center;\">\n<div dir=\"auto\"><a href=\"https:\/\/iscontte-crr.infd.edu.ar\/sitio\/profesorado-de-artes-visuales-2\/?fbclid=IwAR2KiLpCRCutNu_9LzOgt6uOn8vQAh7G69ZTOCctkPZaza6jednY_Pj6cMc\" target=\"_blank\" rel=\"noopener\">PROFESORADO DE ARTES VISUALES<\/a><\/div>\n<div dir=\"auto\">\u00a0<\/div>\n<\/div>\n<div class=\"o9v6fnle cxmmr5t8 oygrvhab hcukyx3x c1et5uql ii04i59q\" style=\"text-align: center;\">\n<div dir=\"auto\"><a href=\"https:\/\/iscontte-crr.infd.edu.ar\/sitio\/tecnicatura-superior-en-artes-visuales\/\" target=\"_blank\" rel=\"noopener\">TECNICATURA SUPERIOR EN PRODUCCI\u00d3N EN ARTES VISUALES<\/a><\/div>\n<div dir=\"auto\">\u00a0<\/div>\n<div dir=\"auto\"><a href=\"https:\/\/iscontte-crr.infd.edu.ar\/sitio\/cursos-regulares-de-dibujo-y-pintura\/\" target=\"_blank\" rel=\"noopener\">CURSOS REGULARES DE DIBUJO Y PINTURA<\/a><\/div>\n<\/div>\n<div dir=\"auto\" style=\"text-align: center;\">\u00a0<\/div>\n<div dir=\"auto\" style=\"text-align: center;\"><a href=\"https:\/\/iscontte-crr.infd.edu.ar\/sitio\/iniciacion-a-las-actividades-artisticas\/\" target=\"_blank\" rel=\"noopener\">INICIACI\u00d3N A LAS ACTIVIDADES ART\u00cdSTICAS &#8211; INICIACI\u00d3N A LA DANZA<\/a><\/div>\n<div dir=\"auto\" style=\"text-align: center;\">\u00a0<\/div>\n\n\n<p><\/p>\n","protected":false},"excerpt":{"rendered":"<p>El Instituto Superior Josefina Contte, comparte a trav\u00e9s de su BLOG, la SEMANA DE LAS ARTES 2021. En las diferentes subsecciones, se encuentran los trabajos pr\u00e1cticos de los estudiantes que cursan las variadas propuestas formativas de nuestra instituci\u00f3n. PROFESORADO DE ARTES VISUALES \u00a0 TECNICATURA SUPERIOR EN PRODUCCI\u00d3N EN ARTES VISUALES \u00a0 CURSOS REGULARES DE DIBUJO &#8230; <a title=\"SEMANA DE LAS ARTES (ver sub-secciones)\" class=\"read-more\" href=\"https:\/\/iscontte-crr.infd.edu.ar\/sitio\/semana-virtual-de-las-artes\/\" aria-label=\"More on SEMANA DE LAS ARTES (ver sub-secciones)\">[+]<\/a><\/p>\n","protected":false},"author":829,"featured_media":0,"parent":0,"menu_order":0,"comment_status":"closed","ping_status":"closed","template":"","meta":[],"acf":[],"_links":{"self":[{"href":"https:\/\/iscontte-crr.infd.edu.ar\/sitio\/wp-json\/wp\/v2\/pages\/1111"}],"collection":[{"href":"https:\/\/iscontte-crr.infd.edu.ar\/sitio\/wp-json\/wp\/v2\/pages"}],"about":[{"href":"https:\/\/iscontte-crr.infd.edu.ar\/sitio\/wp-json\/wp\/v2\/types\/page"}],"author":[{"embeddable":true,"href":"https:\/\/iscontte-crr.infd.edu.ar\/sitio\/wp-json\/wp\/v2\/users\/829"}],"replies":[{"embeddable":true,"href":"https:\/\/iscontte-crr.infd.edu.ar\/sitio\/wp-json\/wp\/v2\/comments?post=1111"}],"version-history":[{"count":18,"href":"https:\/\/iscontte-crr.infd.edu.ar\/sitio\/wp-json\/wp\/v2\/pages\/1111\/revisions"}],"predecessor-version":[{"id":1738,"href":"https:\/\/iscontte-crr.infd.edu.ar\/sitio\/wp-json\/wp\/v2\/pages\/1111\/revisions\/1738"}],"wp:attachment":[{"href":"https:\/\/iscontte-crr.infd.edu.ar\/sitio\/wp-json\/wp\/v2\/media?parent=1111"}],"curies":[{"name":"wp","href":"https:\/\/api.w.org\/{rel}","templated":true}]}}